st the prime factors of 154466.
2, 13, 457
List the prime factors of 467624.
2, 58453
List the prime factors of 517929.
3, 172643
List the prime factors of 380815.
5, 76163
List the prime factors of 3002147.
3002147
List the prime factors of 3586728.
2, 3, 17, 59, 149
What are the prime factors of 18368856?
2, 3, 11, 859
List the prime factors of 20849395.
5, 7, 17, 67, 523
What are the prime factors of 7293823?
1823, 4001
What are the prime factors of 979836?
2, 3, 11, 13, 571
What are the prime factors of 14425457?
73, 197609
What are the prime factors of 1293903?
3, 13, 11059
List the prime factors of 56303.
13, 61, 71
List the prime factors of 688073.
688073
List the prime factors of 511301.
7, 73043
List the prime factors of 13722013.
191, 71843
List the prime factors of 1683151.
139, 12109
What are the prime factors of 413009?
413009
What are the prime factors of 6844378?
2, 3422189
What are the prime factors of 683235?
3, 5, 7, 241
What are the prime factors of 209232?
2, 3, 1453
What are the prime factors of 2210491?
37, 59743
List the prime factors of 11682563.
29, 402847
What are the prime factors of 18002256?
2, 3, 113, 3319
What are the prime factors of 276530?
2, 5, 27653
What are the prime factors of 146663?
11, 67, 199
List the prime factors of 189093.
3, 63031
What are the prime factors of 44972?
2, 11243
List the prime factors of 3306523.
11, 300593
What are the prime factors of 7957449?
3, 617, 1433
List the prime factors of 13849476.
2, 3, 1154123
What are the prime factors of 287007?
3, 7, 79, 173
What are the prime factors of 206530?
2, 5, 19, 1087
List the prime factors of 13550821.
1787, 7583
What are the prime factors of 820089?
3, 91121
What are the prime factors of 1029102?
2, 3, 171517
List the prime factors of 8115790.
2, 5, 857, 947
List the prime factors of 124818.
2, 3, 71, 293
What are the prime factors of 48503?
7, 13, 41
List the prime factors of 826389.
3, 127, 241
What are the prime factors of 82225?
5, 11, 13, 23
What are the prime factors of 743362?
2, 137, 2713
What are the prime factors of 375511?
375511
List the prime factors of 897058.
2, 313, 1433
List the prime factors of 10345193.
23, 223, 2017
What are the prime factors of 287993?
97, 2969
What are the prime factors of 27883556?
2, 6970889
What are the prime factors of 235344?
2, 3, 4903
What are the prime factors of 352708?
2, 88177
List the prime factors of 97535.
5, 19507
What are the prime factors of 2504351?
2504351
List the prime factors of 6253993.
6253993
List the prime factors of 17283959.
7, 11, 224467
What are the prime factors of 29823942?
2, 3, 4970657
List the prime factors of 182365.
5, 36473
What are the prime factors of 1440511?
1440511
What are the prime factors of 216128?
2, 11, 307
What are the prime factors of 1976676?
2, 3, 13, 12671
List the prime factors of 10746037.
23, 29, 16111
What are the prime factors of 1758079?
457, 3847
List the prime factors of 45099994.
2, 79, 397, 719
What are the prime factors of 1044464?
2, 29, 2251
What are the prime factors of 281619?
3, 13, 29, 83
What are the prime factors of 2426804?
2, 31, 19571
What are the prime factors of 102021?
3, 31, 1097
What are the prime factors of 9602118?
2, 3, 41, 4337
What are the prime factors of 913861?
13, 70297
What are the prime factors of 1502821?
97, 15493
List the prime factors of 72084.
2, 3, 6007
List the prime factors of 8273704.
2, 137, 7549
What are the prime factors of 207440?
2, 5, 2593
What are the prime factors of 19699023?
3, 499, 13159
List the prime factors of 3549109.
293, 12113
List the prime factors of 226589.
11, 20599
What are the prime factors of 239553?
3, 43, 619
What are the prime factors of 4014303?
3, 1338101
What are the prime factors of 2479074?
2, 3, 13, 37, 859
List the prime factors of 1895700.
2, 3, 5, 71, 89
List the prime factors of 863898.
2, 3, 7, 67, 307
List the prime factors of 59776.
2, 467
What are the prime factors of 3517425?
3, 5, 193
What are the prime factors of 16143515?
5, 3228703
List the prime factors of 12084285.
3, 5, 19, 109, 389
List the prime factors of 106746.
2, 3, 17791
List the prime factors of 130674.
2, 3, 29, 751
What are the prime factors of 2492692?
2, 47, 13259
List the prime factors of 126958.
2, 13, 19, 257
List the prime factors of 858281.
858281
List the prime factors of 1716294.
2, 3, 286049
What are the prime factors of 4568126?
2, 449, 5087
What are the prime factors of 494827?
29, 113, 151
What are the prime factors of 94679?
13, 7283
List the prime factors of 23528936.
2, 659, 4463
What are the prime factors of 839805?
3, 5, 55987
What are the prime factors of 3938927?
3938927
What are the prime factors of 1519567?
7, 217081
List the prime factors of 267872.
2, 11, 761
List the prime factors of 17078275.
5, 37, 499
What are the prime factors of 11859?
3, 59, 67
What are the prime factors of 217491?
3, 72497
List the prime factors of 33137470.
2, 5, 3313747
List the prime factors of 674159.
674159
What are the prime factors of 1426823?
181, 7883
What are the prime factors of 748938?
2, 3, 124823
List the prime factors of 35080.
2, 5, 877
List the prime factors of 503430.
2, 3, 5, 97, 173
What are the prime factors of 16061063?
1259, 12757
List the prime factors of 461304.
2, 3, 43, 149
What are the prime factors of 21223658?
2, 10611829
List the prime factors of 949188.
2, 3, 83, 953
What are the prime factors of 30545718?
2, 3, 7, 107, 971
List the prime factors of 19363953.
3, 7, 23, 47, 853
What are the prime factors of 1201918?
2, 600959
What are the prime factors of 2078283?
3, 692761
List the prime factors of 202936.
2, 25367
List the prime factors of 2004289.
7, 23, 59, 211
What are the prime factors of 189342?
2, 3, 67, 157
List the prime factors of 74027.
74027
List the prime factors of 1343654.
2, 13, 51679
List the prime factors of 618819.
3, 206273
List the prime factors of 824283.
3, 30529
What are the prime factors of 204979?
204979
List the prime factors of 3138659.
17, 184627
List the prime factors of 3913553.
7, 17, 32887
What are the prime factors of 209583?
3, 11, 29, 73
What are the prime factors of 531641?
11, 17, 2843
List the prime factors of 5115448.
2, 13, 101, 487
What are the prime factors of 1218158?
2, 609079
What are the prime factors of 517786?
2, 17, 97, 157
List the prime factors of 16563630.
2, 3, 5, 19, 29059
List the prime factors of 15385469.
11, 547, 2557
What are the prime factors of 5968198?
2, 83, 157, 229
List the prime factors of 195982.
2, 29, 31, 109
What are the prime factors of 1596100?
2, 5, 11, 1451
List the prime factors of 4005715.
5, 7, 193, 593
List the prime factors of 566296.
2, 71, 997
List the prime factors of 277800.
2, 3, 5, 463
What are the prime factors of 1200713?
281, 4273
What are the prime factors of 3768940?
2, 5, 7, 26921
What are the prime factors of 10351416?
2, 3, 37, 11657
List the prime factors of 137755.
5, 27551
List the prime factors of 57570.
2, 3, 5, 19, 101
What are the prime factors of 54642?
2, 3, 7, 1301
What are the prime factors of 1260409?
191, 6599
What are the prime factors of 87450?
2, 3, 5, 11, 53
What are the prime factors of 5482306?
2, 149, 18397
List the prime factors of 10056313.
23, 509, 859
List the prime factors of 3693377.
37, 173, 577
List the prime factors of 1107652.
2, 7, 13, 17, 179
List the prime factors of 616737.
3, 11, 1699
List the prime factors of 14856.
2, 3, 619
List the prime factors of 1574687.
41, 193, 199
List the prime factors of 41317483.
83, 497801
What are the prime factors of 1292587?
1292587
What are the prime factors of 350935?
5, 13, 5399
What are the prime factors of 623951?
17, 127
List the prime factors of 8092190.
2, 5, 149, 5431
What are the prime factors of 3003390?
2, 3, 5, 13, 17, 151
List the prime factors of 214438.
2, 7, 17, 53
List the prime factors of 90180.
2, 3, 5, 167
List the prime factors of 171052.
2, 7, 41, 149
What are the prime factors of 538537?
331, 1627
What are the prime factors of 638502?
2, 3, 106417
List the prime factors of 12654362.
2, 7, 903883
What are the prime factors of 141478?
2, 127, 557
What are the prime factors of 3195075?
3, 5, 13, 29, 113
List the prime factors of 20217217.
401, 50417
List the prime factors of 93978